ivative of d**6/120 - d**5/30 + d**4/6 - d**3/6 + 17*d**2 + 1. Calculate h(3).
20
Let n(m) = -m**2 - 2*m + 7. Suppose -3*l = 3*z + 15, 10 = -52*z + 47*z. Give n(l).
4
Let h(i) = 11*i**2 + 18*i + 5. Let p(g) = 5*g**2 + 9*g + 2. Let l(a) = 6*h(a) - 13*p(a). Let m be -1*(26/(-65) - 46/10). Give l(m).
-16
Let z(d) = 3*d**2 - 5*d + 11. Let m(a) = -5*a**2 + 9*a - 21. Let b(p) = -4*m(p) - 7*z(p). Give b(5).
-23
Suppose 7 - 41 = 2*r. Let c(t) = t**2 + 17*t - 10. Let g be c(r). Let m(p) = p**3 + 9*p**2 - 12*p - 5. Calculate m(g).
15
Let c(q) be the first derivative of q**4/4 - q**3/3 - 2*q**2 + 3*q + 28. Let x be 1/1 + (-4 - -5). Determine c(x).
-1
Let k be 5/(-10)*(0 - 2). Let f(v) be the third derivative of -v**5/60 + v**4/24 - v**3/6 - v**2. Give f(k).
-1
Suppose -y - 4*y = 3*t + 8, -2*t = 4*y + 8. Let a(i) = 1 + 6*i - t*i - 3*i. Let q(c) = 2*c**2 - 21*c + 15. Let x be q(10). What is a(x)?
-4
Suppose 0*z = 3*z. Suppose o = -z*o + 4. Suppose -o*v = v. Let l(f) = -f**2 + f. Calculate l(v).
0
Let g be (0 + 0 - 25)*-1. Suppose -60*h + 68 = -56*h. Let a(o) = -9*o + 1 + g*o - o**2 - h*o. Determine a(2).
-5
Suppose 0*a = 5*a - 25. Suppose 13 - 78 = -5*r - a*i, 3*i + 105 = 5*r. Suppose 5*m + r = 4*n, 0*m - m + 8 = 5*n. Let x(j) = -2*j**2 + 1. Calculate x(n).
-7
Let m(t) = -2*t - 3. Let c(q) = -q**2 + 58*q + 243. Let p be c(62). Give m(p).
7
Let b be (-3 - (-7 + 2)) + 3. Let p(q) = -4*q**2 - 7*q + 5. Let a(x) = -3*x**2 - 7*x + 6. Let l(m) = -5*a(m) + 4*p(m). Give l(b).
0
Suppose -a = 3, -3*a = t - 2*t + 11. Let m(r) be the second derivative of 2*r + 15/2*r**t + 1/6*r**3 + 0. What is m(0)?
15
Let u(d) = d**2 + 15*d - 16. Suppose -5*s = -3*k - 30, 9*k - 8*k + 6 = 3*s. Give u(k).
-16
Let j be (-1)/2*8/(-2). Let u(v) = -v**3 + 2 - 2*v**j + 2*v + v + 0*v**2. Suppose -2*i + 2*x - 9 = -x, 5*i + 5*x + 10 = 0. Calculate u(i).
2
Let x(l) = -2*l**2 + l. Let k(c) = 2*c**2 + 10*c + 10. Let f be k(-4). Suppose 0 = -14*p + 16*p + f. Give x(p).
-3
Let v(y) be the second derivative of y - 1/12*y**4 + 7/2*y**2 + 0 + 1/2*y**3. Let m = -1024 + 1029. Determine v(m).
-3
Let a(h) be the third derivative of h**7/840 - h**6/72 + h**5/30 - h**4/24 - 8*h**3/3 + 11*h**2. Let p(l) be the first derivative of a(l). Calculate p(3).
-7
Suppose c = -2*z - 7, z = 5*c - 5 + 7. Let h(y) be the first derivative of -7*y**4/4 - y**3/3 + 2. Calculate h(c).
6
Suppose -2*q = 3*q + 140. Let a(y) = y + 31. Let b be a(q). Let m(g) = g**2 - 2*g + 1. Give m(b).
4
Let t(l) = -l**2 + 2*l + 1. Let a be (-38)/14 + 2*(-6)/42. Determine t(a).
-14
Let f(v) = 82*v - 19 - 83*v + 6. Give f(-9).
-4
Suppose 188*l = 206*l - 18. Let t(g) = 3*g**3 - g**2. What is t(l)?
2
Let l be 114/4 - 7/14. Suppose -2*z - 4*h + l = 0, -4*h = -5*z + 42 - 0. Let j(t) = z*t**2 + 10*t**2 - 4*t - 21*t**2 + 6. Calculate j(-5).
1
Let l(k) = k - 7. Suppose 2*w + 0*w + 5*f = 43, -3*f + 6 = -w. Let a be l(w). Let y(t) = -3 + a - 52*t + 51*t + 0. Give y(4).
-5
Let d(u) be the third derivative of -u**4/24 - u**3/6 + 7*u**2. Suppose -3*a = -0*a. Give d(a).
-1
Let g(y) = -4*y - 116. Let c be g(-28). Suppose 0*a - 2 = -a. Let m(w) = 3*w**a - 4*w + w**3 + 1 - 2*w + 2*w. Determine m(c).
1
Let r(a) = -a**3 + 6*a**2 + a - 4. Let p be (-2 - 16)*(-2)/6. Let h be r(p). Let b(d) = 5*d - 3*d**2 + 4*d**2 - d**3 - d**2 + 2*d**h - 4. What is b(3)?
2
Let b(i) = i**2 - 2*i - 5. Suppose 0 = 2*z - 7*z - 120. Let j = z - -28. Give b(j).
3
Suppose 0 = -141*u + 130*u + 22. Let t(r) = -r**2 + r - 4. Give t(u).
-6
Let u(c) be the second derivative of 5/12*c**4 - c**2 + 1/2*c**3 - 34*c + 1/20*c**5 + 0. Determine u(-3).
7
Let h(v) = -v**2 + 4*v - 10. Let b be (-5)/(-3)*(-480)/(-200). What is h(b)?
-10
Let u(q) = q**2 + 30*q + 81. Let x be u(-3). Let h(f) be the second derivative of -1/12*f**4 + x*f**2 + 0 + 4*f + 2/3*f**3. What is h(3)?
3
Let k(l) = -l**2 + 5*l - 5. Let y be 3 + 3 + -5*6/15. Give k(y).
-1
Let j be (-1)/4 - (-51)/12. Let i(g) = -4*g + 20. Let a be i(j). Let t(p) = 2*p - 6. Give t(a).
2
Let f(q) be the third derivative of -q**4/24 + q**3/3 - 6*q**2. Suppose -3*s - u + 6 = -8, -4*s + 2*u + 22 = 0. Suppose -s*g + 5 = -10. What is f(g)?
-1
Let b(n) = 5*n**3 + n. Suppose -p - 29 + 10 = -5*v, 17 = 4*v + p. Suppose -4*t - v = -0*t. What is b(t)?
-6
Let w(h) be the third derivative of -h**5/60 + h**4/4 + 4*h**3/3 - 7*h**2. Let f be w(8). Let m(y) = -y - 3. What is m(f)?
5
Let j(b) = -2*b**3 - 7*b**2 - 17*b + 13. Let m(k) = -3*k**3 - 6*k**2 - 18*k + 14. Let u(y) = 4*j(y) - 3*m(y). Give u(11).
-23
Let r(t) = -5*t - 10. Let u(d) = 14*d + 38. Let w(c) = 7*r(c) + 2*u(c). Calculate w(3).
-15
Let m(s) = -15*s. Suppose 2*b + 60 = 4*j, j = 2*b + b + 5. Let f = 16 - j. Determine m(f).
15
Let j = -151 + 149. Let b(s) = 4*s**3 - 2*s**3 + s - s**3 - 2 + 2*s**2. Determine b(j).
-4
Let o(x) = -3*x - 8. Let h(d) = d**2 - 4*d - 19. Let z be h(6). Give o(z).
13
Let r(t) = -t**3 + 3*t**2 - 2. Let k be r(2). Suppose 2*u = -2, -2*b + 2*u + 12 = -k*u. Let m(d) = -b*d + 3*d + 2 + d + 8*d. Determine m(-2).
-14
Let k(q) be the first derivative of -q**3/3 + 3*q**2/2 - 2*q - 55. What is k(5)?
-12
Let g(r) = r**3 + 6*r**2 + 8*r - 6. Let w = -80 + 76. Let f be g(w). Let y(d) = 1 - d**2 - 1 - 7*d + 1. What is y(f)?
7
Let r be -3*(4/(-18) - 4/9). Let j(n) = -4*n + 8 - 4*n**3 + 5 + r*n - 12. Calculate j(1).
-5
Let q(r) = -r**2 + 1. Let g = 748 - 752. Calculate q(g).
-15
Let a(v) = -v**3 - 5*v**2 - 9*v + 8. Let d(t) = 3*t**3 + 15*t**2 + 25*t - 23. Let q(n) = 11*a(n) + 4*d(n). Give q(-4).
8
Suppose 5*d + 2*d + 95 = 102. Let q(p) = -p - 10*p**3 - 4*p**3 + 5*p**3 + 2*p**2. Give q(d).
-8
Let f(v) = -v + 2. Suppose -35*s - 3*u + 7 = -33*s, -3*s = -3*u + 27. Determine f(s).
6
Let b(n) = 12*n - 3. Let a(f) = -5*f + 1. Let z(y) = 2*a(y) + b(y). Give z(5).
9
Suppose 4*q = -3*u, 0 = 2*q + 3*q + u - 11. Suppose q*k + 7 = -2*b, 4*k - 5*b = -9 + 38. Let x(o) = -7*o**2 + 1. Calculate x(k).
-6
Suppose z = 6*z + 35. Let k(p) = 0 - p**2 - 8*p + 2 - 1 - 2. Calculate k(z).
6
Let i(j) = -j**3 - 6*j**2 + j + 2. Suppose 4*x - x = 24. Suppose -7*y = -x*y. Suppose y = -2*c - 0*c - 12. Give i(c).
-4
Let o(z) = -z**2 + 6*z + 10. Let n(x) = 8*x**2 + 12*x + 12. Let j be n(-1). Calculate o(j).
-6
Let h(g) be the third derivative of -1/60*g**5 + 0 - 1/3*g**3 - 16*g**2 + 0*g + 1/6*g**4. Give h(3).
1
Let z be (9/21)/((-14)/(-98)). Let w(r) = -r**3 + r**2 + 3*r - 1. Give w(z).
-10
Let b be (-16)/40 - 4/(-10). Let h(v) = 14 + 129*v**2 - 6 - v - 130*v**2 - v**3. Give h(b).
8
Let q = -3880 - -3872. Let g(o) = -2*o**2 - 29*o + 5. Let z(c) = c**2 + 15*c - 3. Let k(d) = 6*g(d) + 11*z(d). Determine k(q).
5
Suppose 2*i = d - 2*d - 15, d - 27 = 4*i. Let l be (4 + (i - -3))/1. Let h(o) = -o**2 - o - 19. Give h(l).
-19
Suppose -4*v + 3*g + 116 = -g, 2*v - 42 = -2*g. Suppose c + v = -4*c. Let f(z) be the third derivative of -z**4/24 + z**3/3 - 3*z**2 + 4*z. Give f(c).
7
Suppose 5*o = 3*p - 24, -7*p + 21 = -4*p - 4*o. Let y(f) = p*f + 319*f**2 - 320*f**2 + 2 - 2*f. Give y(-3).
-10
Suppose 4*t - 2*o = 14, t + 1 - 15 = 4*o. Let a(v) = 28*v - 3. What is a(t)?
53
Suppose 5*y - 2 = 13. Let f be 1 + (-5)/(-15)*3. Suppose -y + f = b. Let x(v) = 4*v. What is x(b)?
-4
Let g(c) = -9*c**2 - 25*c - 20. Let l(w) = -w**2 - w. Let u(n) = -g(n) - 4*l(n). Let t(z) = -7*z**2 - 15*z - 10. Let x(y) = -11*t(y) - 6*u(y). What is x(-7)?
4
Let n(l) = 21*l**2 + 2*l - 2. Let w(q) = -q**2 + 1. Let c(d) = n(d) + 3*w(d). Determine c(-1).
17
Let d = -18 + 87. Let r = 77 - d. Let x(z) = z**3 - 8*z**2 - z + 8. Determine x(r).
0
Let w(d) = -3*d**3 + d**2 + 3*d + 6. Let q(u) be the first derivative of 3*u**2 + 13*u - 1 + 1/3*u**3 - 7/4*u**4. Let l(j) = -4*q(j) + 9*w(j). Calculate l(-4).
6
Let r(g) = -5*g**2 + 7*g + 13. Suppose 10*x = 3*x - 77. Let m(s) = 9*s**2 - 13*s - 27. Let w(a) = x*r(a) - 6*m(a). Give w(0).
19
Let n(a) = 4*a + 1. Let f(v) = 4*v + 43. Let x be f(-9). Suppose r = x*r - 12. Determine n(r).
9
Let l be (6 + 84)/6 - 8. Let u(w) = w**3 - 6*w**2 - 4*w - 14. What is u(l)?
7
Let i(t) = -t**2 - t - 8. Suppose c - 5*c = -16. Suppose -3*f + 2*f = -c*f. Give i(f).
-8
Let u(q) = q + 8. Let h be u(-5). Suppose -h*o = 3 - 9. Let i(s) = -2 + 4*s + 0 + 4*s**2 - 2*s**2 - s**o. Calculate i(-4).
-2
Let a(k) = -5*k**2 - 2*k - 1. Let y(b) = 2*b**3 + 2*b**2 + 7. Let s be 